{"id":16,"date":"2015-07-24T13:20:02","date_gmt":"2015-07-24T13:20:02","guid":{"rendered":"http:\/\/tehnicna-plastika.com\/?page_id=16"},"modified":"2018-11-08T06:31:18","modified_gmt":"2018-11-08T06:31:18","slug":"o-nas-2","status":"publish","type":"page","link":"https:\/\/tehnicna-plastika.com\/index.php\/o-nas-2\/","title":{"rendered":"O nas"},"content":{"rendered":"<div id=\"pl-16\"  class=\"panel-layout\" ><div id=\"pg-16-0\"  class=\"panel-grid panel-no-style\" ><div id=\"pgc-16-0-0\"  class=\"panel-grid-cell\" ><div id=\"panel-16-0-0-0\" class=\"so-panel widget widget_black-studio-tinymce widget_black_studio_tinymce panel-first-child panel-last-child\" data-index=\"0\" ><div class=\"textwidget\"><p style=\"text-align: justify;\"><span class=\"\" style=\"display:block;clear:both;height: 0px;padding-top: 20px;border-top-width:0px;border-bottom-width:0px;\"><\/span><br \/>V podjetju<strong> Politrim d.o.o.<\/strong>\u00a0iz Novega mesta prodajamo tehni\u010dno plastiko in laminate v obliki palic, cevi in plo\u0161\u010d evropskih proizvajalcev. Skupaj s proizvajalci imamo dnevno na zalogi \u010dez 2000 ton tehni\u010dne plastike in laminatov v \u0161tevilnih dimenzijskih izvedbah. Vsi materiali ter standardne dimenzije iz zaloge v Novem mestu naro\u010dene tekom dopoldneva, so dobavljivi naslednji dan. Poleg standardnih dimenzij nudimo tudi razrez. Vedno bomo na\u0161li re\u0161itev za vas. Zagotavljamo ustrezno kakovost in profesionalni pristop.\u00a0<\/p>\n<\/div><\/div><\/div><div id=\"pgc-16-0-1\"  class=\"panel-grid-cell\" ><div id=\"panel-16-0-1-0\" class=\"so-panel widget widget_black-studio-tinymce widget_black_studio_tinymce panel-first-child panel-last-child\" data-index=\"1\" ><div class=\"textwidget\"><p><span class=\"\" style=\"display:block;clear:both;height: 0px;padding-top: 20px;border-top-width:0px;border-bottom-width:0px;\"><\/span><\/p>\n<p><a href=\"http:\/\/tehnicna-plastika.com\/wp-content\/uploads\/2015\/07\/MATERIALES.jpg\"><img loading=\"lazy\" decoding=\"async\" class=\"size-full wp-image-32\" src=\"http:\/\/tehnicna-plastika.com\/wp-content\/uploads\/2015\/07\/MATERIALES.jpg\" alt=\"tehni\u010dna plastika\" width=\"605\" height=\"403\" srcset=\"https:\/\/tehnicna-plastika.com\/wp-content\/uploads\/2015\/07\/MATERIALES.jpg 605w, https:\/\/tehnicna-plastika.com\/wp-content\/uploads\/2015\/07\/MATERIALES-300x200.jpg 300w, https:\/\/tehnicna-plastika.com\/wp-content\/uploads\/2015\/07\/MATERIALES-272x182.jpg 272w\" sizes=\"auto, (max-width: 605px) 100vw, 605px\" \/><\/a><\/p>\n<\/div><\/div><\/div><\/div><div id=\"pg-16-1\"  class=\"panel-grid panel-has-style\" ><div class=\"siteorigin-panels-stretch panel-row-style panel-row-style-for-16-1\" data-stretch-type=\"full\" ><div id=\"pgc-16-1-0\"  class=\"panel-grid-cell\" ><div id=\"panel-16-1-0-0\" class=\"so-panel widget widget_black-studio-tinymce widget_black_studio_tinymce panel-first-child panel-last-child\" data-index=\"2\" ><div class=\"textwidget\"><p><span class=\"\" style=\"display:block;clear:both;height: 0px;padding-top: 20px;border-top-width:0px;border-bottom-width:0px;\"><\/span><br \/><img loading=\"lazy\" decoding=\"async\" class=\"alignnone size-large wp-image-397\" src=\"http:\/\/tehnicna-plastika.com\/wp-content\/uploads\/2015\/07\/20150812_131317-1024x616.jpg\" alt=\"20150812_131317\" width=\"700\" height=\"421\" srcset=\"https:\/\/tehnicna-plastika.com\/wp-content\/uploads\/2015\/07\/20150812_131317-1024x616.jpg 1024w, https:\/\/tehnicna-plastika.com\/wp-content\/uploads\/2015\/07\/20150812_131317-300x180.jpg 300w, https:\/\/tehnicna-plastika.com\/wp-content\/uploads\/2015\/07\/20150812_131317.jpg 2048w\" sizes=\"auto, (max-width: 700px) 100vw, 700px\" \/><\/p>\n<p>\u00a0<\/p>\n<\/div><\/div><\/div><div id=\"pgc-16-1-1\"  class=\"panel-grid-cell\" ><div id=\"panel-16-1-1-0\" class=\"so-panel widget widget_black-studio-tinymce widget_black_studio_tinymce panel-first-child panel-last-child\" data-index=\"3\" ><div class=\"textwidget\"><p style=\"text-align: justify;\"><span class=\"\" style=\"display:block;clear:both;height: 0px;padding-top: 20px;border-top-width:0px;border-bottom-width:0px;\"><\/span><br \/>\n<strong>Naslov podjetja:<\/strong><br \/>\nPOLITRIM d.o.o., Krka 56e, 8000 Novo mesto, tel. 070.333.777 ali 031.311.120, mail plastika(at)politrim.si.<br \/>\n<strong>Skladi\u0161\u010de, odpreme ter dobave:<\/strong><br \/>\nPOLITRIM d.o.o., Smolenja vas 11d, 8000 Novo mesto, tel. 070.333.777 ali 031.311.120, mail plastika(at)politrim.si. Dostop mogo\u010d s kamionom brez prikolice.<br \/>\n<strong>Delovni \u010das:<br \/>\n<\/strong>Od ponedeljka do petka, 7.00 - 17.00.<\/p>\n<\/div><\/div><\/div><\/div><\/div><\/div>","protected":false},"excerpt":{"rendered":"<p>V podjetju Politrim d.o.o.\u00a0iz Novega mesta prodajamo tehni\u010dno plastiko in laminate v obliki palic, cevi in plo\u0161\u010d evropskih proizvajalcev. Skupaj s proizvajalci imamo dnevno na zalogi \u010dez 2000 ton tehni\u010dne plastike in laminatov v \u0161tevilnih dimenzijskih izvedbah. Vsi materiali ter standardne dimenzije iz zaloge v Novem mestu naro\u010dene tekom dopoldneva, so dobavljivi naslednji dan. Poleg <a class=\"moretag\" href=\"https:\/\/tehnicna-plastika.com\/index.php\/o-nas-2\/\">Read More &#8230;<\/a><\/p>\n","protected":false},"author":1,"featured_media":0,"parent":0,"menu_order":0,"comment_status":"closed","ping_status":"open","template":"full-width-page.php","meta":{"footnotes":""},"class_list":["post-16","page","type-page","status-publish","hentry"],"_links":{"self":[{"href":"https:\/\/tehnicna-plastika.com\/index.php\/wp-json\/wp\/v2\/pages\/16","targetHints":{"allow":["GET"]}}],"collection":[{"href":"https:\/\/tehnicna-plastika.com\/index.php\/wp-json\/wp\/v2\/pages"}],"about":[{"href":"https:\/\/tehnicna-plastika.com\/index.php\/wp-json\/wp\/v2\/types\/page"}],"author":[{"embeddable":true,"href":"https:\/\/tehnicna-plastika.com\/index.php\/wp-json\/wp\/v2\/users\/1"}],"replies":[{"embeddable":true,"href":"https:\/\/tehnicna-plastika.com\/index.php\/wp-json\/wp\/v2\/comments?post=16"}],"version-history":[{"count":20,"href":"https:\/\/tehnicna-plastika.com\/index.php\/wp-json\/wp\/v2\/pages\/16\/revisions"}],"predecessor-version":[{"id":542,"href":"https:\/\/tehnicna-plastika.com\/index.php\/wp-json\/wp\/v2\/pages\/16\/revisions\/542"}],"wp:attachment":[{"href":"https:\/\/tehnicna-plastika.com\/index.php\/wp-json\/wp\/v2\/media?parent=16"}],"curies":[{"name":"wp","href":"https:\/\/api.w.org\/{rel}","templated":true}]}}